when 1312 is divided by 77.
3
Calculate the remainder when 353 is divided by 121.
111
What is the remainder when 408 is divided by 82?
80
Calculate the remainder when 141 is divided by 30.
21
What is the remainder when 532 is divided by 102?
22
Calculate the remainder when 1739 is divided by 20.
19
What is the remainder when 1533 is divided by 193?
182
Calculate the remainder when 363 is divided by 31.
22
What is the remainder when 4618 is divided by 185?
178
Calculate the remainder when 635 is divided by 13.
11
What is the remainder when 552 is divided by 34?
8
What is the remainder when 261 is divided by 22?
19
Calculate the remainder when 207 is divided by 6.
3
Calculate the remainder when 2639 is divided by 22.
21
Calculate the remainder when 315 is divided by 60.
15
Calculate the remainder when 239 is divided by 38.
11
Calculate the remainder when 114 is divided by 29.
27
What is the remainder when 11228 is divided by 39?
35
What is the remainder when 1325 is divided by 344?
293
Calculate the remainder when 59 is divided by 13.
7
Calculate the remainder when 52 is divided by 11.
8
What is the remainder when 911 is divided by 102?
95
Calculate the remainder when 2207 is divided by 34.
31
Calculate the remainder when 386 is divided by 97.
95
Calculate the remainder when 5 is divided by 1.
0
Calculate the remainder when 506 is divided by 165.
11
Calculate the remainder when 107 is divided by 23.
15
Calculate the remainder when 1157 is divided by 109.
67
What is the remainder when 187 is divided by 1?
0
Calculate the remainder when 595 is divided by 20.
15
What is the remainder when 157 is divided by 10?
7
What is the remainder when 270 is divided by 137?
133
Calculate the remainder when 753 is divided by 63.
60
What is the remainder when 2318 is divided by 107?
71
Calculate the remainder when 92 is divided by 24.
20
Calculate the remainder when 755 is divided by 84.
83
What is the remainder when 252 is divided by 24?
12
What is the remainder when 58 is divided by 46?
12
What is the remainder when 334 is divided by 21?
19
What is the remainder when 3599 is divided by 139?
124
Calculate the remainder when 121 is divided by 46.
29
What is the remainder when 48 is divided by 41?
7
What is the remainder when 10918 is divided by 156?
154
What is the remainder when 10439 is divided by 40?
39
Calculate the remainder when 263 is divided by 170.
93
Calculate the remainder when 311 is divided by 75.
11
What is the remainder when 7466 is divided by 166?
162
Calculate the remainder when 87 is divided by 28.
3
Calculate the remainder when 148 is divided by 23.
10
Calculate the remainder when 19 is divided by 8.
3
What is the remainder when 575 is divided by 72?
71
Calculate the remainder when 142 is divided by 48.
46
Calculate the remainder when 350 is divided by 196.
154
What is the remainder when 760 is divided by 201?
157
What is the remainder when 166 is divided by 7?
5
What is the remainder when 176 is divided by 9?
5
What is the remainder when 268 is divided by 5?
3
Calculate the remainder when 60 is divided by 13.
8
Calculate the remainder when 1709 is divided by 90.
89
Calculate the remainder when 1314 is divided by 111.
93
What is the remainder when 30 is divided by 23?
7
Calculate the remainder when 393 is divided by 21.
15
Calculate the remainder when 311 is divided by 76.
7
What is the remainder when 385 is divided by 9?
7
What is the remainder when 190 is divided by 47?
2
What is the remainder when 1291 is divided by 185?
181
What is the remainder when 9420 is divided by 38?
34
Calculate the remainder when 1571 is divided by 693.
185
What is the remainder when 2103 is divided by 39?
36
What is the remainder when 1907 is divided by 53?
52
Calculate the remainder when 152 is divided by 152.
0
Calculate the remainder when 2143 is divided by 532.
15
What is the remainder when 266 is divided by 89?
88
Calculate the remainder when 736 is divided by 19.
14
What is the remainder when 116 is divided by 81?
35
Calculate the remainder when 131 is divided by 37.
20
Calculate the remainder when 181 is divided by 46.
43
Calculate the remainder when 73 is divided by 42.
31
What is the remainder when 1489 is divided by 150?
139
Calculate the remainder when 192 is divided by 91.
10
Calculate the remainder when 371 is divided by 47.
42
Calculate the remainder when 452 is divided by 19.
15
Calculate the remainder when 643 is divided by 28.
27
Calculate the remainder when 1133 is divided by 14.
13
What is the remainder when 2873 is divided by 115?
113
Calculate the remainder when 300 is divided by 123.
54
Calculate the remainder when 1374 is divided by 17.
14
Calculate the remainder when 509 is divided by 15.
14
Calculate the remainder when 80 is divided by 15.
5
What is the remainder when 80439 is divided by 40?
39
What is the remainder when 20286 is divided by 64?
62
Calculate the remainder when 198 is divided by 45.
18
Calculate the remainder when 36 is divided by 22.
14
Calculate the remainder when 142 is divided by 9.
7
Calculate the remainder when 1438 is divided by 21.
10
Calculate the remainder when 2141 is divided by 14.
13
Calculate the remainder when 1664 is divided by 34.
32
What is the remainder when 1225 is divided by 40?
25
What is the remainder when 511 is divided by 32?
31
What is the remainder when 92 is divided by 43?
6
What is the remainder when 178 is divided by 10?
8
What is the remainder when 1458 is divided by 186?
156
What is the remainder when 2649 is divided by 293?
12
Calculate the remainder when 482 is divided by 97.
94
What is the remainder when 2755 is divided by 46?
41
Calculate the remainder when 200 is divided by 159.
41
Calculate the remainder when 499 is divided by 170.
159
What is the remainder when 750 is divided by 29?
25
Calculate the remainder when 1274 is divided by 22.
20
Calculate the remainder when 2151 is divided by 1070.
11
What is the remainder when 232 is divided by 79?
74
What is the remainder when 4204 is divided by 248?
236
What is the remainder when 514 is divided by 37?
33
What is the remainder when 80 is divided by 17?
12
Calculate the remainder when 1037 is divided by 19.
11
What is the remainder when 1140 is divided by 63?
6
What is the remainder when 93 is divided by 49?
44
What is the remainder when 3164 is divided by 1578?
8
What is the remainder when 300 is divided by 16?
12
Calculate the remainder when 485 is divided by 81.
80
What is the remainder when 659 is divided by 10?
9
What is the remainder when 55 is divided by 20?
15
What is the remainder when 408 is divided by 21?
9
Calculate the remainder when 6207 is divided by 207.
204
What is the remainder when 4138 is divided by 115?
113
Calculate the remainder when 554 is divided by 39.
8
What is the remainder when 469 is divided by 246?
223
Calculate the remainder when 369 is divided by 18.
9
Calculate the remainder when 1886 is divided by 63.
59
Calculate the remainder when 71 is divided by 64.
7
What is the remainder when 614 is divided by 158?
140
Calculate the remainder when 52 is divided by 9.
7
What is the remainder when 39574 is divided by 102?
100
What is the remainder when 153 is divided by 46?
15
What is the remainder when 429 is divided by 85?
4
What is the remainder when 91685 is divided by 7?
6
What is the remainder when 605 is divided by 19?
16
What is the remainder when 7313 is divided by 118?
115
What is the remainder when 1139 is divided by 37?
29
What is the remainder when 257 is divided by 9?
5
What is the remainder when 2727 is divided by 30?
27
Calculate the remainder when 522 is divided by 173.
3
Calculate the remainder when 79 is divided by 23.
10
Calculate the remainder when 375 is divided by 110.
45
Calculate the remainder when 41 is divided by 39.
2
What is the remainder when 10537 is divided by 31?
28
What is the remainder when 25 is divided by 7?
4
What is the remainder when 34 is divided by 5?
4
What is the remainder when 1193 is divided by 23?
20
Calculate the remainder when 5757 is divided by 128.
125
What is the remainder when 43 is divided by 15?
13
What is the remainder when 85 is divided by 22?
19
What is the remainder when 520 is divided by 282?
238
What is the remainder when 245 is divided by 4?
1
Calculate t